{"id":197,"date":"2022-11-29T21:55:32","date_gmt":"2022-11-29T20:55:32","guid":{"rendered":"https:\/\/www.hnicolas.com\/press\/?page_id=197"},"modified":"2022-11-29T22:26:45","modified_gmt":"2022-11-29T21:26:45","slug":"venir-chez-nous","status":"publish","type":"page","link":"https:\/\/www.hnicolas.com\/press\/venir-chez-nous\/","title":{"rendered":"Venir chez nous"},"content":{"rendered":"<div class=\"members-access-error\">D\u00e9sol\u00e9, vous n&rsquo;\u00eates pas autoris\u00e9 \u00e0 voir ce contenu.<\/div>\n","protected":false},"excerpt":{"rendered":"<div class=\"members-access-error\">D\u00e9sol\u00e9, vous n&rsquo;\u00eates pas autoris\u00e9 \u00e0 voir ce contenu.<\/div>\n","protected":false},"author":1,"featured_media":0,"parent":0,"menu_order":0,"comment_status":"closed","ping_status":"closed","template":"","meta":{"footnotes":""},"class_list":["post-197","page","type-page","status-publish","czr-hentry"],"_links":{"self":[{"href":"https:\/\/www.hnicolas.com\/press\/wp-json\/wp\/v2\/pages\/197","targetHints":{"allow":["GET"]}}],"collection":[{"href":"https:\/\/www.hnicolas.com\/press\/wp-json\/wp\/v2\/pages"}],"about":[{"href":"https:\/\/www.hnicolas.com\/press\/wp-json\/wp\/v2\/types\/page"}],"author":[{"embeddable":true,"href":"https:\/\/www.hnicolas.com\/press\/wp-json\/wp\/v2\/users\/1"}],"replies":[{"embeddable":true,"href":"https:\/\/www.hnicolas.com\/press\/wp-json\/wp\/v2\/comments?post=197"}],"version-history":[{"count":7,"href":"https:\/\/www.hnicolas.com\/press\/wp-json\/wp\/v2\/pages\/197\/revisions"}],"predecessor-version":[{"id":207,"href":"https:\/\/www.hnicolas.com\/press\/wp-json\/wp\/v2\/pages\/197\/revisions\/207"}],"wp:attachment":[{"href":"https:\/\/www.hnicolas.com\/press\/wp-json\/wp\/v2\/media?parent=197"}],"curies":[{"name":"wp","href":"https:\/\/api.w.org\/{rel}","templated":true}]}}